- 1 = 2*s. What is the remainder when m is divided by w?
4
Let a = -83 - -88. What is the remainder when 18 is divided by a?
3
Let o be 3/4 - 97/(-4). Suppose -o = -2*n + 21. What is the remainder when n is divided by 6?
5
Let m = 5 - 2. Suppose -m*g = -g - 4. Suppose -2*f = 4*i - 58, -15 = -g*i + 5*f - 4. Calculate the remainder when 38 is divided by i.
12
Let x(i) = 58*i**2 + 2*i - 1. Calculate the remainder when x(-2) is divided by 10.
7
Let v(m) be the second derivative of m**5/20 - m**4/3 + m**3/3 + 9*m**2/2 - 7*m. Calculate the remainder when 33 is divided by v(4).
16
Let k(o) = o + 91. What is the remainder when k(32) is divided by 21?
18
Let k be 2/(-8) - (-159)/12. Suppose -75 = -2*v - k. Calculate the remainder when v is divided by 11.
9
Let d(z) = z**2 - 11*z - 12. Let y be d(12). Let u = y - -9. What is the remainder when 15 is divided by u?
6
Suppose 0*g = -3*g + 21. Let m(v) = -v**2 - 11*v + 3. Calculate the remainder when g is divided by m(-11).
1
Let a be (5 - 2)*(-5 - -16). Suppose -4*g = 4*k + g - a, -4*k + g + 51 = 0. Calculate the remainder when 23 is divided by k.
11
Let u be (2 - -3)*(-6)/(-15). Suppose -u*l - 2*k = -30, 4*l + 4*k - 32 = 2*l. Let x(j) = j + 8. What is the remainder when l is divided by x(0)?
6
Let v = 32 + -28. Calculate the remainder when 11 is divided by v.
3
Suppose 22 = -t + 2*t. Suppose 0 = 3*y - 2*v - 47, 89 = 5*y + 2*v - 0*v. Suppose -y + 206 = 3*n. What is the remainder when n is divided by t?
19
Let v = 203 - 141. Suppose -88 = -2*u + 2*o, -2*u - 2*o + 18 = -v. Suppose 0 = 4*w - 95 + 7. What is the remainder when u is divided by w?
20
Suppose -2*c = 2*c - 156. What is the remainder when 116 is divided by c?
38
Suppose 3*q - m - 21 = 114, 2*m = 5*q - 224. What is the remainder when q is divided by 7?
4
Let b be (-6)/(-3) + -1 - -43. Suppose 3 = 3*k, -3*v + v + b = 2*k. Let w(i) = i**3 + 10*i**2 + 11. What is the remainder when v is divided by w(-10)?
10
Suppose 0 = -g - 2*i + 4*i + 8, -5*g = -4*i - 58. Suppose -8 + 33 = 5*l. What is the remainder when g is divided by l?
4
Let r = 135 + -57. Let j = -7 - -12. Suppose 4*b - 96 = 4*x, -5*b - j*x + 60 = -b. What is the remainder when r is divided by b?
18
Let w = -2 - -5. Suppose -w*h = -h - 124. Suppose 3*r + 2*r - 62 = -2*s, -2*s + h = r. Calculate the remainder when s is divided by 8.
7
Let s = 28 - 14. Suppose -5*d + 3*d = -s. Calculate the remainder when d is divided by 3.
1
Let l be 2 + (-3)/1 + 1. Suppose l*p + p = 2. Suppose -2*x = p*r - 84, -237 = -5*x + r + 3*r. What is the remainder when x is divided by 12?
9
Let n(c) = -c + 2. Let f be n(0). Let l be 7*1*f/7. Suppose 5 = u - l*i, 5*u + 5*i = -0*i + 40. What is the remainder when 18 is divided by u?
4
Suppose 2*m = -2*j + 50, 6*j - m = 3*j + 75. Suppose 0 = -4*z + 428 - 36. Calculate the remainder when z is divided by j.
23
Let u be -2*12/(-8)*1. Calculate the remainder when 8 is divided by ((-15)/10)/(u/(-8)).
0
What is the remainder when (0 + 2 + 27)*1 is divided by 21?
8
Let r(k) = -4*k - 2. Let c be r(-10). Let w = c + -28. Calculate the remainder when w is divided by 7.
3
Suppose -35 = x + 4*x. Let c = x - -26. What is the remainder when c is divided by 10?
9
Let s be (-238)/8 - 2/8. Let f = s - -42. Calculate the remainder when f is divided by 5.
2
Let j = -6 - -8. Let c = -6 - -8. Calculate the remainder when j is divided by c.
0
Let k(v) = v**3 + 7*v**2 - 2*v - 3. Let f be -2 - (-36)/(5 - 1). Suppose f*u - 42 = 4*u. What is the remainder when k(-4) is divided by u?
11
Let p = 219 - 140. Calculate the remainder when p is divided by 20.
19
What is the remainder when 4 - 1 - -84 - 2 is divided by 29?
27
Suppose -2*j + 38 + 14 = 4*g, 26 = j - 2*g. What is the remainder when 76 is divided by j?
24
Let r = -8 - -16. Let i be -1 + 1 + 0 + r. Suppose 0 = -f + 7*n - 2*n + 2, 2*n = -4*f + i. Calculate the remainder when 4 is divided by f.
0
What is the remainder when (0 - (-1 - (-2 - -4))) + 48 is divided by 18?
15
Suppose -3*o = 2 - 26. Let v = 0 + 3. Calculate the remainder when o is divided by v.
2
Calculate the remainder when (-57 + (-2 - -1))/(6/(-3)) is divided by 6.
5
Let o = 7 - -3. Suppose 0*j - j - 48 = 2*b, 5*j = -b - 24. Calculate the remainder when ((-27)/(-4))/((-9)/b) is divided by o.
8
Let k = -10 - -15. Suppose -5*r + 14 = -6, -35 = -5*i - k*r. Suppose 2*u - u = i. Calculate the remainder when 8 is divided by u.
2
What is the remainder when 70 + (0 - 3) + 3 is divided by 18?
16
Let i(s) = -s**3 - 3*s**2 + 2*s - 10. Calculate the remainder when 149 is divided by i(-5).
29
Suppose -6 = 2*q + 6. Let z(u) = u + 8. Let o be z(q). What is the remainder when 238/18 + o/(-9) is divided by 7?
6
Let r(g) = 2*g - 6. Let k be r(4). Suppose k*y - 3 = 21. What is the remainder when -22*(-1 - 0/1) is divided by y?
10
Let u(m) = m**3 + 14*m**2 - 16*m + 22. What is the remainder when u(-15) is divided by 10?
7
Suppose -23 = -6*d + 43. Calculate the remainder when 62 is divided by d.
7
Suppose 3*x - 36 = -6. Let s = -5 + x. Calculate the remainder when 14 is divided by s.
4
Let g(v) = -5*v - 5. Suppose 12 = 3*n - 6*n. What is the remainder when 29 is divided by g(n)?
14
Let k = 70 + -47. Suppose -3*m + 16 = -k. Calculate the remainder when 49 is divided by m.
10
Suppose -4*f + 5*o - o + 164 = 0, -4*o - 56 = -f. Let n be ((-4)/(-2) - 3)*23. Let w = f + n. Calculate the remainder when 25 is divided by w.
12
Let f = 22 - 18. Calculate the remainder when 9 is divided by f.
1
What is the remainder when 66 is divided by 18*2/3*24/8?
30
Let t = 0 - -66. Suppose 0 = -2*l - l + t. What is the remainder when l is divided by 6?
4
Suppose 4*f + 4 = -0*f - 5*t, 4*f = -4*t. Calculate the remainder when f is divided by (-8)/(-10)*15/6.
0
Let b(p) = -p + 20. Calculate the remainder when 18 is divided by b(13).
4
Let c(s) = -55*s**2 - s + 2. Let r(f) = -55*f**2 - f + 2. Let x(m) = 3*c(m) - 4*r(m). Calculate the remainder when x(1) is divided by 19.
16
Let h(u) = 19*u - 34. Let b(l) = 6*l - 5. Calculate the remainder when h(7) is divided by b(5).
24
Let j = 74 - 23. Calculate the remainder when j is divided by 27.
24
Let v(y) = -4*y**2 + 4*y**2 - 2*y**2 - 1 + 8*y**2. Suppose -4*g = -0*g - 3*h - 3, 4*g = -5*h + 27. What is the remainder when v(-1) is divided by g?
2
Suppose 0 = u - 5*y - 1, -3*u - 7*y + 41 = -3*y. What is the remainder when 30 is divided by u?
8
Let h = -9 - -83. What is the remainder when h is divided by 20?
14
Suppose 0*c + c = 64. Let t = -7 + 19. Let q = t + 10. Calculate the remainder when c is divided by q.
20
Suppose 0 = q - 58 + 13. Let o = q + -30. What is the remainder when 27 is divided by o?
12
Suppose 2*p = 0, -2*p = -2*m + 31 + 5. Suppose -n = -8 + 3. What is the remainder when m is divided by n?
3
Let a = -23 - -38. Calculate the remainder when 57 is divided by a.
12
Suppose -3*x + 6*x = -12. Let p be (2/x)/(1/(-8)). Suppose 0 = m - p*b - 32, 2*b + b - 53 = -2*m. Calculate the remainder when m is divided by 10.
8
Let z(p) = -p**2 + 5*p + 1. Suppose -a = n + 2 - 7, 2*a = -n + 6. What is the remainder when a is divided by z(5)?
0
Let y(k) = k**2 - 2*k. Let d be y(2). Suppose d = -5*a - 72 + 17. Let m = -6 - a. Calculate the remainder when 14 is divided by m.
4
Let i = 66 - 34. Calculate the remainder when i is divided by 7.
4
Let z = -21 + 62. Calculate the remainder when z is divided by 6.
5
Let p(f) = f**2 - 8. Let h = 2 + -8. Let t(o) = o**2 + 3*o - 3. What is the remainder when p(-6) is divided by t(h)?
13
Suppose 41 = -3*m + 116. Calculate the remainder when m is divided by 13.
12
Let t(a) = -a**3 + 5*a**2 + a + 9. What is the remainder when 115 is divided by t(4)?
28
Let r(t) = -7 - 7*t + 3 - 4. Calculate the remainder when r(-6) is divided by 9.
7
Suppose b + 145 = 3*u, 0*u + u + 5*b = 59. Suppose 4*t - u = -9. What is the remainder when t/(4 - 4/2) is divided by 2?
1
Suppose t = 4*m - 487, 0*m = -5*m + 2*t + 608. What is the remainder when m is divided by 32?
26
Let c(v) = v**2 + 13 - 9 - 5*v - 3. What is the remainder when 57 is divided by c(7)?
12
Let o(l) = 3*l - 2. Let s(c) = -c**3 - 9*c**2 + 9*c - 6. Let p be s(-10). What is the remainder when o(4) is divided by (-18)/12 - (-30)/p?
4
Suppose 39 = 3*f - 39. Suppose 2*u - h = 207, 2*h + 185 = 2*u - 25. What is the re